
10
Let j(b) = -4*b + 17. Determine j(5).
-3
Let s(w) = -2*w**2 + 113*w - 113. What is s(58)?
-287
Let a(m) = -284*m**2 - 1421*m + 3. Determine a(-5).
8
Let n(h) = -484*h + 2853. Give n(6).
-51
Let f(a) = -2*a**3 + 50*a**2 - 109*a + 384. Give f(23).
-7
Let v(n) = -n**3 - 10*n**2 + n - 23. Calculate v(-10).
-33
Let c(u) = -36*u - 1359. Determine c(-31).
-243
Let z(o) = -41*o + 2120. Give z(53).
-53
Let p(z) = -z**3 + 37*z**2 + 38*z + 73. Determine p(38).
73
Let q(p) = -11164*p + 100471. Give q(9).
-5
Let z(w) = w**3 + 3*w**2 + 11*w + 48. What is z(-4)?
-12
Let a(z) = -46*z + 119. Give a(4).
-65
Let m(t) = -t**2 + 5*t + 13. What is m(6)?
7
Let c(x) = x - 52. Determine c(-2).
-54
Let y(s) = 18*s - 975. Calculate y(53).
-21
Let n(u) = -13*u**2 + 94*u - 28. Determine n(7).
-7
Let m(x) = -x**3 - x**2 + 2*x + 283. What is m(0)?
283
Let v(s) = -5*s**2 + 146*s - 4. Determine v(30).
-124
Let g(p) = -3604*p - 18023. Give g(-5).
-3
Let s(a) = -3*a**2 + 36*a + 8647. Calculate s(-48).
7
Let s(u) = u**3 + 51*u**2 + 48*u - 164. What is s(-50)?
-64
Let d(v) = -v**3 + 8*v**2 - v - 31. Give d(9).
-121
Let p(v) = 3*v**3 + 15*v**2 + 9*v + 10. Determine p(-4).
22
Let m(y) = 7*y**2 - 20*y + 18. Give m(1).
5
Let h(k) = 3*k**3 - 221*k**2 + 4058*k - 79. Calculate h(39).
-1
Let q(i) = -18*i**2 + 165*i - 163. Give q(1).
-16
Let z(w) = -2*w**2 + 133*w - 2021. Give z(23).
-20
Let p(h) = -h**3 + 45*h**2 + 97*h - 139. What is p(47)?
2
Let a(p) = 2453*p + 9794. Determine a(-4).
-18
Let d(c) = c**2 + 35*c + 97. Give d(-34).
63
Let o(z) = -z**2 - 20*z - 80. Calculate o(-4).
-16
Let l(h) = 8*h**3 + 81*h**2 + 13*h + 59. Determine l(-10).
29
Let p(r) = -r**3 - 85*r**2 - 163*r + 262. Determine p(-83).
13
Let o(i) = i**3 - 20*i**2 - 190*i + 82. What is o(27)?
55
Let g(s) = -3*s**2 + 564*s - 9175. Give g(18).
5
Let n(z) = -4*z**2 + 137*z + 104. Determine n(35).
-1
Let p(w) = -2*w**2 - 19*w - 20. What is p(-10)?
-30
Let o(a) = -44*a + 3116. Give o(71).
-8
Let v(f) = -2*f**2 - 88*f - 104. Determine v(-43).
-18
Let y(i) = -207*i - 6645. Calculate y(-32).
-21
Let h(o) = o**3 + 3*o**2 - 37*o - 102. Determine h(-3).
9
Let n(f) = 20*f - 17. Determine n(3).
43
Let w(h) = -h**3 - 111*h**2 + 11*h + 521. Determine w(-111).
-700
Let x(o) = o**3 - 18*o**2 - 14*o + 24. Give x(19).
119
Let s(h) = 65*h - 2012. Give s(39).
523
Let l(m) = 7*m**2 - 37*m + 82. Determine l(4).
46
Let m(g) = 42*g**2 - 13*g - 1. Calculate m(-1).
54
Let t(h) = -39*h**2 - 399*h - 69. Calculate t(-10).
21
Let p(s) = -14*s - 501. What is p(-30)?
-81
Let h(t) = -325*t - 1002. What is h(-4)?
298
Let r(i) = -8*i**3 - 65*i**2 - 11*i - 20. What is r(-8)?
4
Let q(y) = -486*y + 3919. What is q(8)?
31
Let t(b) = 2111*b + 8448. Determine t(-4).
4
Let n(c) = c**2 + 14*c - 45. Determine n(3).
6
Let b(j) = 665*j - 10042. Determine b(15).
-67
Let h(y) = -y**2 + 4*y - 45. Determine h(6).
-57
Let z(u) = 6*u**3 + 18*u + 15. Determine z(0).
15
Let w(o) = -5*o + 20. Calculate w(14).
-50
Let k(i) = -6*i**2 - 20*i + 2239. Determine k(-21).
13
Let d(a) = a**3 + 19*a**2 - 39*a - 1488. Give d(-15).
-3
Let y(x) = 3*x**3 - 33*x**2 + 7*x - 7. Calculate y(6).
-505
Let s(w) = -2*w**2 - 32*w - 117. Determine s(-9).
9
Let h(x) = 2*x**3 + 14*x**2 + 24*x + 234. What is h(-7)?
66
Let u(t) = t**2 - 11*t - 249. Determine u(-10).
-39
Let d(s) = 2*s**2 + 17*s + 21. What is d(7)?
238
Let b(l) = -69*l + 1691. Determine b(40).
-1069
Let a(c) = -c**2 - 41*c - 358. Give a(-28).
6
Let t(b) = -b**2 + 39*b - 182. Calculate t(6).
16
Let w(g) = -g**3 - 25*g**2 - 14*g + 93. What is w(-24)?
-147
Let u(j) = 9*j**2 + 3144*j + 6292. Give u(-2).
40
Let r(t) = -t**3 - 11*t**2 + 8*t + 91. Give r(-3).
-5
Let n(r) = -2*r**3 - 3*r**2 - 6*r - 10. Determine n(-2).
6
Let k(o) = -o**3 - 4*o**2 + 8*o + 2. Calculate k(-3).
-31
Let d(w) = -2*w**3 + 282*w**2 - 810*w - 2490. Determine d(138).
-6
Let f(y) = y**3 - 5*y**2 - 11*y + 52. What is f(4)?
-8
Let m(h) = -2*h**3 + 154*h - 155. Give m(1).
-3
Let w(x) = 773*x - 3581. What is w(5)?
284
Let t(c) = -c**3 - 25*c**2 + 25*c - 48. What is t(-26)?
-22
Let t(a) = -22*a + 837. Give t(40).
-43
Let n(h) = -h**3 - 7*h**2 + 18. Calculate n(0).
18
Let b(t) = -t**3 + t**2 - t - 58. Determine b(-3).
-19
Let m(k) = -926*k - 4617. What is m(-5)?
13
Let x(k) = -1365*k - 5465. Give x(-4).
-5
Let k(m) = -63*m - 94. Determine k(-3).
95
Let o(h) = 20*h**3 + 319*h**2 - 15*h + 11. Calculate o(-16).
-5
Let h(x) = 9*x**3 - 358*x**2 - 447*x - 178. Give h(41).
-14
Let k(c) = 232*c + 2561. What is k(-11)?
9
Let d(y) = -3*y**3 + 325*y**2 - 107*y - 103. Determine d(108).
5
Let h(k) = k**3 + 97*k**2 + 65*k + 6243. What is h(-97)?
-62
Let k(p) = p**2 - 9*p - 37. What is k(10)?
-27
Let t(c) = -37*c + 339. Determine t(21).
-438
Let m(j) = 3*j**3 - 91*j**2 - 63*j + 17. Give m(31).
-14
Let a(r) = -8*r**2 + 5*r + 121. Determine a(-3).
34
Let a(k) = 12*k + 239. Calculate a(-10).
119
Let g(n) = n**3 - 14*n**2 + 11*n + 104. Calculate g(14).
258
Let x(n) = -126*n + 9943. Determine x(79).
-11
Let i(f) = 7*f**2 + 136*f - 1426. What is i(-27)?
5
Let y(t) = -261*t**2 + 73864*t - 290. Calculate y(283).
-7
Let r(h) = -1102*h - 19837. Give r(-18).
-1
Let k(c) = 3*c**2 - 85*c - 622. Determine k(-6).
-4
Let q(w) = -w**3 + 18*w**2 - 25*w + 432. Determine q(18).
-18
Let a(w) = w**2 + 23*w - 5. Calculate a(-27).
103
Let m(v) = v**3 + 74*v**2 - 79*v - 1. What is m(-75)?
299
Let w(n) = 261*n - 1064. Calculate w(7).
763
Let v(f) = -f**3 - 34*f**2 - f - 86. Determine v(-34).
-52
Let z(p) = -37*p + 1119. What is z(31)?
-28
Let o(f) = 4*f**2 + 77*f + 25. Calculate o(0).
25
Let p(j) = -2524*j - 20187. Give p(-8).
5
Let a(b) = -b**2 - 187*b - 1258. What is a(-7)?
2
Let t(s) = 410*s**3 + s**2 - 42*s + 40. What is t(1)?
409
Let v(q) = 394*q - 803. Determine v(2).
-15
Let q(t) = 4*t**3 - 170*t**2 + 55*t + 1217. Calculate q(42).
-1
Let w(y) = 6*y**2 + 25*y + 2. Determine w(-3).
-19
Let i(u) = 239*u - 711. Determine i(3).
6
Let w(a) = -527*a + 19483. Calculate w(37).
-16
Let h(k) = 74*k + 80. Determine h(1).
154
Let c(k) = -3*k**3 + 548*k**2 + 152*k + 5679. What is c(183)?
6
Let t(l) = -311*l + 2359. Determine t(7).
182
Let q(m) = -m**2 + 1579*m - 122746. Calculate q(82).
8
Let s(u) = 7*u - 352. Determine s(37).
-93
Let k(c) = 11*c**2 + 38*c - 1. Determine k(0).
-1
Let y(r) = 24*r**2 + 4*r - 22. Calculate y(0).
-22
Let p(h) = -148*h + 1038. Determine p(9).
-294
Let j(m) = -m**2 - 286*m + 26634. What is j(74)?
-6
Let p(u) = -303*u + 1104. Give p(4).
-108
Let l(c) = -2*c**3 + 65*c**2 - 203*c + 7. Give l(29).
7
Let o(i) = 108*i**3 - i**2 - i. Determine o(1).
106
Let v(c) = 142*c**2 - 1430*c + 126. What is v(10)?
26
Let v(c) = c**2 + 23*c + 65. Give v(-3).
5
Let b(u) = -u**2 - 33*u + 331. Determine b(-44).
-153
Let p(t) = 6*t**2 - t - 1. Give p(1).
4
Let g(n) = -2*n**2 + 199*n + 395. What is g(-2)?
-11
Let u(p) = 36*p + 2558. Give u(-71).
2
Let q(b) = b**3 + 47*b**2 + 133*b - 26. Determine q(-44).
-70
Let u(j) = -33*j - 109. Give u(-2).
-43
Let s(x) = -177*x - 1422. Calculate s(-8).
-6
Let l(y) = -2*y**3 - 11*y**2 - 22*y - 12. Calculate l(-5).
73
Let g(n) = 213*n**2 + 103*n + 103. Determine g(-1).
213
Let c(i) = 9*i**2 - 4*i - 38. Give c(-2).
6
Let y(s) = s**2 + 25*s - 285. Give y(8).
-21
Let y(l) = l**3 + 7*l**2 + 24*l + 28. Give y(-2).
0
Let o(z) = -870*z + 4344. Determine o(5).
-6
Let t(o) = -4*o**3 + 15*o**2 + 101*o - 390. Give t(4).
-2
Let d(z) = -z**3 - 13*z**2 - 41*z - 2. Give d(0).
-2
Let z(u) = 122*u + 1571. Calculate z(-13).
-15
Let w(f) = 55*f - 50. What is w(0)?
-50
Let n(r) = r**2 - 100*r - 2833. What is n(-23)?
-4
Let f(s) = 5*s**2 - 48*s + 116. Give f(9).
89
Let j(w) = 2*w**2 + 45*w - 76. What is j(-22)?
-98
Let f(j) = -15*j**2 - 18*j + 46. Give f(2).
-50
Let s(i) = i**3 + 5*i**2 + 2*i - 7. What is s(-4)?
1
Let n(o) = -o**2 + 243*o - 3627. Give n(16).
5
Let o(h) = 352*h**2 - 154*h - 153. Determine o(-1).
353
Let f(s) = -33*s**2 - 8*s + 1. What is f(-1)?
-24
Let j(b) = -4*b**3 - 61*b**2 - 15*b + 19. Determine j(-15).
19
Let h(z) = 9*z**2 + 93*z + 221. Calculate h(-7).
11
Let o(x) = x**2 - 9*x - 298. Determine o(13).
-246
Let i(f) = -f**3 + 18*f**2 + 23*f + 15. What is i(19)?
91
Let z(r) = -r**3 + 37*r**2 - 7*r + 255. Determine z(37).
-4
Let w(q) = q**2 + 79*q - 508. What is w(-85)?
2
Let z(o